base 4, what is -220331 + -3?
-221000
In base 7, what is -4 + -4053?
-4060
In base 11, what is 4 - 18?
-14
In base 2, what is 11100 + 11011?
110111
In base 3, what is -10110220 - 11?
-10111001
In base 4, what is -30 + 1033?
1003
In base 9, what is -3 + -26?
-30
In base 4, what is -10 - 3?
-13
In base 3, what is 10202221 + 11?
10210002
In base 12, what is -717 - 3?
-71a
In base 8, what is 4774 - 2?
4772
In base 15, what is 2a - -37?
62
In base 9, what is -21631 - 0?
-21631
In base 14, what is -463 - 4?
-467
In base 15, what is 70 + 9?
79
In base 16, what is -3 - 524?
-527
In base 2, what is 1011101101 - 0?
1011101101
In base 11, what is -144 + -5?
-149
In base 4, what is 210 + -32?
112
In base 15, what is -39 + -7?
-41
In base 8, what is 100 + 5?
105
In base 12, what is -4 - -69?
65
In base 11, what is -83 - 4?
-87
In base 16, what is b0 - -21?
d1
In base 2, what is 101 - -1010110100?
1010111001
In base 5, what is 0 - -10323?
10323
In base 4, what is 101 - -13031?
13132
In base 5, what is -2442 - -4?
-2433
In base 16, what is 105 - -25?
12a
In base 14, what is 47 - -3?
4a
In base 8, what is 1 + -151?
-150
In base 15, what is -40b + -13?
-41e
In base 4, what is 1233203 + -10?
1233133
In base 3, what is -120100 - 10?
-120110
In base 14, what is 3a45 - -5?
3a4a
In base 8, what is -5 + 152?
145
In base 11, what is -1 - 4a?
-50
In base 13, what is 2 - 352?
-350
In base 12, what is 1 + -3b?
-3a
In base 14, what is -2 - -298?
296
In base 5, what is -1130 + -1?
-1131
In base 6, what is 5033 - 2?
5031
In base 9, what is 8514 - -2?
8516
In base 11, what is -2 - -2?
0
In base 8, what is -107 + 275?
166
In base 3, what is 10 - 1021001?
-1020221
In base 3, what is -220210012 + 11?
-220210001
In base 10, what is -180 + -26?
-206
In base 14, what is 1043 - 4?
103d
In base 5, what is 4 - 214?
-210
In base 8, what is 3 + 11?
14
In base 6, what is 1 + -250?
-245
In base 9, what is -1 - 63?
-64
In base 11, what is 212 - 39?
184
In base 3, what is 1002012 - -2?
1002021
In base 12, what is -16 - a?
-24
In base 12, what is 7 + -174?
-169
In base 10, what is -397 + 5?
-392
In base 12, what is 4b7 + -5?
4b2
In base 3, what is -211112 + 211?
-210201
In base 7, what is 3 - 5254?
-5251
In base 12, what is 6 + -3a?
-34
In base 10, what is -281 + -4?
-285
In base 2, what is -100 + 0?
-100
In base 14, what is -5 - 693?
-698
In base 8, what is 10610 + 1?
10611
In base 15, what is 169 + 1?
16a
In base 9, what is -1044 + -3?
-1047
In base 6, what is 4 - 4300?
-4252
In base 11, what is -309 - 5?
-313
In base 8, what is 0 - 2522?
-2522
In base 10, what is 2 - 20?
-18
In base 12, what is -5 + -30?
-35
In base 5, what is -204224 - -4?
-204220
In base 5, what is 120313 + -1?
120312
In base 14, what is 20 + 88?
a8
In base 16, what is 5 - -116f?
1174
In base 7, what is -2 + 23?
21
In base 12, what is -5 - 162?
-167
In base 16, what is 35f - -1?
360
In base 14, what is -12 + 170?
15c
In base 16, what is 293 + 3?
296
In base 16, what is -1a1 + -9?
-1aa
In base 15, what is 1 + d9?
da
In base 3, what is 102000 - -12?
102012
In base 2, what is 1001101 + 100?
1010001
In base 2, what is 0 - 1011110?
-1011110
In base 14, what is 5 + 6?
b
In base 14, what is -115 - 0?
-115
In base 8, what is -22 + 0?
-22
In base 16, what is -2410 - -2?
-240e
In base 13, what is 1075 - 4?
1071
In base 3, what is -201010 - 10?
-201020
In base 3, what is -112 + 0?
-112
In base 9, what is -686 - 5?
-702
In base 8, what is 6 + -16?
-10
In base 14, what is 575 - 0?
575
In base 7, what is 111 - 62?
16
In base 12, what is 3 + -52?
-4b
In base 14, what is -6 - b?
-13
In base 11, what is 90 + -9?
82
In base 6, what is 1133 + 41?
1214
In base 3, what is -2112 - 2?
-2121
In base 13, what is -111 - 2b?
-13c
In base 9, what is 131 + 74?
215
In base 7, what is -544 - -2?
-542
In base 6, what is -440 - -3?
-433
In base 6, what is 355 - 3?
352
In base 15, what is 9 - d?
-4
In base 3, what is 201212 + 100?
202012
In base 9, what is -7 - -331?
323
In base 10, what is 3108 + 6?
3114
In base 7, what is 33 + 16?
52
In base 8, what is -17 + 31?
12
In base 11, what is -1a7 + -45?
-241
In base 10, what is 189 + 0?
189
In base 8, what is 2 - 6576?
-6574
In base 15, what is 22 - -d?
30
In base 5, what is -2342 - -3?
-2334
In base 13, what is -80 - -4?
-79
In base 13, what is -15b - 2?
-160
In base 7, what is -3 + 1333?
1330
In base 14, what is 3 + -6b?
-68
In base 8, what is -14 - -36?
22
In base 9, what is -3801 + -10?
-3811
In base 11, what is 3 - -76?
79
In base 2, what is -1001011000 + 1000?
-1001010000
In base 6, what is -332 - 2?
-334
In base 12, what is -17 - a3?
-ba
In base 4, what is 102331 - 1?
102330
In base 14, what is 7 + 3?
a
In base 7, what is -65556 + 3?
-65553
In base 6, what is -523 - 41?
-1004
In base 6, what is -43 - -514?
431
In base 7, what is -52 + 444?
362
In base 11, what is -1113 - -3?
-1110
In base 7, what is -11 - -226?
215
In base 11, what is -2 + 863?
861
In base 12, what is 240 + 2?
242
In base 9, what is -4 + 300?
285
In base 9, what is -4 - 116?
-121
In base 8, what is -3 - -41?
36
In base 15, what is 9 + 9?
13
In base 7, what is -35 - 32?
-100
In base 16, what is 4a + 7?
51
In base 5, what is -224002 - -2?
-224000
In base 2, what is 10111001011 + 0?
10111001011
In base 4, what is 2 - 1213020?
-1213012
In base 5, what is 0 - 443?
-443
In base 4, what is -203233 - 12?
-203311
In base 6, what is 35 + -11?
24
In base 10, what is 0 - 57?
-57
In base 2, what is 1001 + 110?
1111
In base 9, what is -47 + 10?
-37
In base 3, what is 11120100 + 1?
11120101
In base 10, what is -67 - 42?
-109
In base 7, what is -251 - -3?
-245
In base 12, what is 0 + -295?
-295
In base 7, what is -3332 - -20?
-3312
In base 4, what is 132 + -3?
123
In base 2, what is -100011 + -10100011?
-11000110
In base 5, what is 331 - 0?
331
In base 8, what is 3 - 103?
-100
In base 13, what is 42 + 24?
66
In base 9, what is 0 - -1?
1
In base 15, what is 4 + 161d?
1622
In base 2, what is 10010100110010 + 1?
10010100110011
In base 4, what is -2 + 331?
323
In base 3, what is 1101 - -2?
1110
In base 3, what is 20 - -2111?
2201
In base 12, what is 10 - -115?
125
In base 2, what is 1 - 101?
-100
In base 2, what is -101 - -1110?
1001
In base 14, what is bc - -3?
c1
In base 5, what is 13430 - 1?
13424
In base 10, what is 37 + 268?
305
In base 6, what is 0 + -1?
-1
In base 12, what is 2 - 45?
-43
In base 13, what is -a29 + 1?
-a28
In base 16, what is -c5 + 0?
-c5
In base 9, what is -285 + -2?
-287
In base 10, what is -93 + -4?
-97
In base 14, what is -91 + 1?
-90
In base 4, what is 3112 + -3?
3103
In base 11, what is 2 - 23?
-21
In base 16, what is bf - 2a?
95
In base 9, what is -4 + -278?
-283
In base 16, what is -33 - -1?
-32
In base 8, what is 3 - -62?
65
In base 8, what is -104 + 13?
-71
In base 16, what is -1 + -37?
-38
In base 12, what is 7 - -303?
30a
In base 5, what is 0 + -2214?
-2214
In base 7, what is -1624 - 5?
-1632
In base 9, what is 7 + -60?
-52
In base 6, what is -12 - 3014?
-3030
In base 7, what is 5 + -62?
-54
In base 11, what is -13 + -70?
-83
In base 2, what is -1000 + 1010?
10
In base 6, what is -32 + -100?
-132
In base 3, what is -101211 - -10?
-101201
In base 16, what is 2 + -29c?
-29a
In base 2, what is -11 + 101111?
101100
In base 8, what is -13 - -37?
24
In base 16, what is 1 + 27f?
280
In base 9, what is -4653 - -1?
-4652
In base 2, what is 10111101 + 101?
11000010
In base 3, what is 10211121 + 0?
10211121
In base 10, what is 9 - 40?
-31
In base 8, what is 1063 - 3?
1060
In base 9, what is 5 + 108?
114
In base 10, what is 71 - -3?
74
In base 14, what is -11 - 1c3?
-1d4
In base 5, what is 14212 + -1?
14211
In base 5, what is -2 + 2120?
2113
In base 9, what is 342 - -2?
344
In base 4, what is -10 - -32213?
32203
In base 5, what is 104 + -10?
44
In base 7, what is 5 - -1355?
1363
In base 15, what is -2 + -179?
-17b
In base 15, what is 0 + 36?
36
In base 3, what is 12 - -2021220?
2022002
In base 15, what is -2 + 17?
15
In base 15, what is 183 - 4?
17e
In base 14, what is ba - 7?
b3
In base 2, what is -1010000 - -100?
-1001100
In base 12, what is 236 - -12?
248
In base 13, what is 1 + a7?
a8
In base 11, what is -2 + -296?
-298
In base 8, what is -1 - 153?
-154
In base 8, what is 5 - -27?
34
In base 11, what is -3 + 103?
100
In 